to base 7
-2145
What is 11111010 (base 2) in base 4?
3322
What is 5bf3 (base 16) in base 14?
8815
Convert 531b (base 14) to base 15.
43a8
1100011000 (base 2) to base 11
660
-6b6b (base 15) to base 8
-54452
Convert -15436 (base 7) to base 11.
-3295
Convert 1798 (base 10) to base 13.
a84
Convert 17446 (base 8) to base 11.
5a9a
Convert -20031 (base 5) to base 11.
-a51
What is 27338 (base 13) in base 16?
11d5f
Convert 1210 (base 5) to base 7.
345
Convert -7785 (base 14) to base 10.
-20697
-1042 (base 8) to base 4
-20202
Convert 1fa (base 16) to base 12.
362
Convert 4470 (base 14) to base 3.
121021012
-2103300 (base 4) to base 6
-111440
What is -7963 (base 12) in base 9?
-20423
What is 2104244 (base 5) in base 13?
12ba5
Convert 529 (base 11) to base 10.
636
7c6d (base 15) to base 9
40224
What is -23775 (base 8) in base 10?
-10237
Convert 57858 (base 9) to base 15.
b68e
Convert 1689 (base 16) to base 7.
22551
What is 43023 (base 7) in base 11?
8002
What is -cb1 (base 13) in base 12?
-1310
3c5 (base 14) to base 8
1371
Convert 3120232 (base 4) to base 13.
640c
-125c (base 13) to base 4
-220310
What is -223126 (base 8) in base 15?
-174d5
Convert 10101010110110 (base 2) to base 16.
2ab6
6309 (base 12) to base 4
2220321
4753 (base 9) to base 7
13203
What is -209 (base 13) in base 8?
-533
What is 663 (base 16) in base 11?
1257
69b0 (base 16) to base 9
41102
Convert -516 (base 9) to base 14.
-220
What is -1310 (base 4) in base 11?
-a6
Convert -754 (base 11) to base 12.
-636
Convert -2101112 (base 4) to base 2.
-10010001010110
Convert -1010001101 (base 2) to base 10.
-653
Convert -5ad (base 14) to base 13.
-692
What is -101156 (base 8) in base 9?
-50720
-203010 (base 4) to base 3
-10002010
What is -101245 (base 6) in base 14?
-2d41
What is 59 (base 16) in base 13?
6b
Convert 444112 (base 5) to base 4.
3302230
-1349 (base 12) to base 8
-4251
Convert -5619 (base 13) to base 16.
-2ef5
What is -160131 (base 7) in base 10?
-31284
What is -104100 (base 5) in base 10?
-3650
16b6 (base 14) to base 15
1320
What is 354 (base 10) in base 9?
433
What is -110001001001100 (base 2) in base 8?
-61114
-403 (base 12) to base 3
-210110
57112 (base 10) to base 15
11dc7
476 (base 16) to base 10
1142
What is -186d (base 14) in base 8?
-10471
Convert 6011 (base 14) to base 2.
100000001011111
What is -3510 (base 6) in base 8?
-1502
What is 631 (base 8) in base 11?
342
Convert 5b1 (base 14) to base 13.
694
1527 (base 10) to base 4
113313
Convert -111101111 (base 2) to base 7.
-1305
Convert -230 (base 9) to base 14.
-d7
What is 1159 (base 12) in base 5?
30231
-ba3 (base 14) to base 4
-203323
What is c1 (base 14) in base 12?
121
What is 261 (base 14) in base 10?
477
Convert 13028 (base 12) to base 5.
1312302
Convert 110232 (base 4) to base 9.
1733
What is 2211102 (base 3) in base 10?
2063
Convert 229 (base 12) to base 13.
1b9
-54540 (base 6) to base 10
-7548
154d (base 14) to base 6
25321
Convert -23ae (base 15) to base 13.
-35ba
Convert 7b8 (base 13) to base 8.
2466
What is -10220211 (base 3) in base 7?
-11221
What is -1020201202 (base 3) in base 8?
-60016
941 (base 13) to base 6
11142
Convert 1d (base 14) to base 13.
21
What is 22486 (base 10) in base 3?
1010211211
-1001 (base 5) to base 11
-105
What is -1022001 (base 3) in base 11?
-790
Convert -113747 (base 9) to base 8.
-205467
-330540 (base 6) to base 11
-19668
What is 83 (base 13) in base 11?
98
111a3 (base 15) to base 11
37945
What is -13033 (base 5) in base 16?
-3fa
What is -24157 (base 10) in base 13?
-acc3
What is a27 (base 11) in base 9?
1626
-530014 (base 6) to base 16
-a71a
120 (base 11) to base 9
168
3a82 (base 12) to base 9
10188
Convert -112010 (base 4) to base 15.
-642
6547 (base 11) to base 9
12762
3404 (base 6) to base 4
30130
Convert -35c (base 16) to base 6.
-3552
Convert ce (base 16) to base 6.
542
What is 529 (base 12) in base 6?
3253
What is 18a8 (base 16) in base 10?
6312
-1d (base 14) to base 4
-123
-2865 (base 11) to base 15
-116b
Convert -1441123 (base 5) to base 11.
-2114a
What is -1020110 (base 3) in base 8?
-1607
What is 3dda (base 16) in base 4?
3313122
Convert -6ac (base 14) to base 4.
-110300
What is 261 (base 11) in base 14?
181
Convert c70 (base 13) to base 14.
ab5
Convert -111100000001010 (base 2) to base 8.
-74012
-21441 (base 5) to base 7
-4235
What is 1023 (base 4) in base 7?
135
What is 843 (base 13) in base 11?
106a
What is 10111011001 (base 2) in base 7?
4236
Convert -161 (base 14) to base 7.
-551
What is 110110011 (base 2) in base 6?
2003
46313 (base 7) to base 5
334234
Convert -4b4 (base 13) to base 6.
-3451
2105 (base 6) to base 11
3a0
What is 47 (base 10) in base 12?
3b
567 (base 8) to base 9
456
Convert 2373 (base 8) to base 6.
5523
Convert 190 (base 14) to base 16.
142
Convert 7ad (base 16) to base 14.
a05
Convert 200100212 (base 3) to base 13.
612b
-17184 (base 11) to base 10
-24171
What is 88232 (base 9) in base 16?
e48f
What is 10211 (base 4) in base 10?
293
10101110011 (base 2) to base 10
1395
-183 (base 15) to base 5
-2343
Convert -11311 (base 4) to base 5.
-2443
What is -12540 (base 6) in base 4?
-132030
Convert 11422 (base 5) to base 16.
35e
Convert 777 (base 13) to base 12.
8a9
Convert 4240 (base 5) to base 16.
23a
466 (base 15) to base 7
2622
Convert -4727 (base 8) to base 7.
-10226
What is 320132 (base 4) in base 11?
2796
Convert 11100010001100 (base 2) to base 12.
8464
Convert -769 (base 15) to base 14.
-878
What is 6672 (base 11) in base 8?
21127
What is 103310 (base 4) in base 15?
598
Convert 6792 (base 14) to base 16.
462c
What is 2032321 (base 4) in base 15?
2a9a
-34320 (base 6) to base 5
-123442
15023 (base 6) to base 15
a96
Convert 10328 (base 9) to base 13.
3155
-1e21 (base 16) to base 9
-11520
2576 (base 9) to base 16
78c
-23033 (base 7) to base 6
-43035
What is 143c4 (base 13) in base 10?
38016
What is -1323302 (base 4) in base 10?
-7922
1034 (base 9) to base 6
3304
1462 (base 7) to base 11
490
What is 355520 (base 6) in base 13?
111ba
Convert -24121 (base 5) to base 13.
-a75
Convert 303211 (base 4) to base 10.
3301
Convert 95ce (base 15) to base 12.
16412
What is -21440 (base 5) in base 12?
-a47
Convert 4310 (base 6) to base 10.
978
11d09 (base 14) to base 8
125305
What is 1010101110101100 (base 2) in base 9?
66251
Convert -11416 (base 8) to base 3.
-20200200
Convert 1213130 (base 4) to base 5.
202440
Convert -2002212020 (base 3) to base 4.
-22013223
What is 6ba (base 12) in base 13?
5c5
Convert -4412 (base 5) to base 7.
-1525
What is 12ad (base 16) in base 13?
223a
-184 (base 10) to base 2
-10111000
Convert 20a (base 13) to base 2.
101011100
Convert -670a (base 12) to base 7.
-45124
Convert -212112110 (base 3) to base 4.
-10030011
-820 (base 9) to base 15
-2e6
What is -e7 (base 16) in base 8?
-347
What is 4329 (base 15) in base 9?
21443
Convert 4c08 (base 16) to base 3.
222200220
-65e (base 16) to base 6
-11314
Convert -111311 (base 4) to base 8.
-2565
30b (base 13) to base 15
248
-111011001 (base 2) to base 4
-13121
Convert 898 (base 13) to base 7.
4210
-10010101101111 (base 2) to base 7
-36640
Convert -550 (base 10) to base 13.
-334
Convert -1111121 (base 3) to base 2.
-10001001000
What is -2077 (base 13) in base 16?
-118c
218a5 (base 11) to base 2
111101111010000
102 (base 12) to base 16
92
Convert 10487 (base 10) to base 15.
3192
1000100 (base 2) to base 5
233
-21010 (base 4) to base 13
-358
6b8 (base 14) to base 9
1746
What is -121020 (base 3) in base 6?
-2010
What is -3837 (base 9) in base 3?
-10221021
What is -101101110110010 (base 2) in base 11?
-16700
3435 (base 8) to base 11
1406
21202001 (base 3) to base 14
20b2
100011110 (base 2) to base 4
10132
Convert d7d (base 14) to base 11.
1aa8
-1533 (base 6) to base 13
-261
What is -4453 (base 7) in base 5?
-22411
What is -2688 (base 14) in base 4?
-1222000
-2365 (base 10) to base 5
-33430
Convert -1b27 (base 12) to base 9.
-4524
What is 1164 (base 8) in base 6?
2524
What is -22101 (base 3) in base 5?
-1401
Convert 642 (base 9) to base 8.
1014
Convert -130222 (base 4) to base 15.
-824
-647 (base 12) to base 11
-766
Convert -4223 (base 10) to base 14.
-1779
What is -ce (base 16) in base 14?
-10a
What is -3a2 (base 11) in base 16?
-1db
Convert -23066 (base 8) to base 15.
-2d72
1571 (base 12) to base 16
9e5
1